{"id":8732,"date":"2019-02-19T12:24:45","date_gmt":"2019-02-19T11:24:45","guid":{"rendered":"https:\/\/www.ira-nantes.gouv.fr\/?page_id=2"},"modified":"2026-05-05T16:12:56","modified_gmt":"2026-05-05T14:12:56","slug":"accueil","status":"publish","type":"page","link":"https:\/\/www.ira-nantes.gouv.fr\/","title":{"rendered":"Accueil"},"content":{"rendered":"<p>[et_pb_section fb_built=\u00a0\u00bb1&Prime; module_class=\u00a0\u00bbphoto1&Prime; _builder_version=\u00a0\u00bb4.25.0&Prime; background_color=\u00a0\u00bb#e1e4e9&Prime; module_alignment=\u00a0\u00bbcenter\u00a0\u00bb custom_margin=\u00a0\u00bb20px|0px|0px|0px|false|false\u00a0\u00bb custom_padding=\u00a0\u00bb0|0px|0|0|false|false\u00a0\u00bb top_divider_height=\u00a0\u00bb163px\u00a0\u00bb global_colors_info=\u00a0\u00bb{}\u00a0\u00bb][et_pb_row column_structure=\u00a0\u00bb1_4,3_4&Prime; module_class=\u00a0\u00bb et_pb_row_fullwidth\u00a0\u00bb _builder_version=\u00a0\u00bb4.25.0&Prime; width=\u00a0\u00bbauto\u00a0\u00bb width_tablet=\u00a0\u00bb80%\u00a0\u00bb width_phone=\u00a0\u00bb80%\u00a0\u00bb width_last_edited=\u00a0\u00bbon|desktop\u00a0\u00bb max_width_tablet=\u00a0\u00bb80%\u00a0\u00bb max_width_phone=\u00a0\u00bb80%\u00a0\u00bb max_width_last_edited=\u00a0\u00bbon|tablet\u00a0\u00bb custom_margin=\u00a0\u00bb0px|0px|0px|150px|false|false\u00a0\u00bb custom_margin_tablet=\u00a0\u00bb0px|0px|0px|10%|false|false\u00a0\u00bb custom_margin_phone=\u00a0\u00bb0px|||0%|false|false\u00a0\u00bb custom_margin_last_edited=\u00a0\u00bbon|phone\u00a0\u00bb custom_padding=\u00a0\u00bb0px|0px|0px|0|false|false\u00a0\u00bb make_fullwidth=\u00a0\u00bbon\u00a0\u00bb global_colors_info=\u00a0\u00bb{}\u00a0\u00bb][et_pb_column type=\u00a0\u00bb1_4&Prime; _builder_version=\u00a0\u00bb4.24.2&Prime; custom_padding=\u00a0\u00bb|||\u00a0\u00bb custom_padding_tablet=\u00a0\u00bb|||\u00a0\u00bb custom_padding_phone=\u00a0\u00bb|80px|||false|false\u00a0\u00bb custom_padding_last_edited=\u00a0\u00bbon|phone\u00a0\u00bb global_colors_info=\u00a0\u00bb{}\u00a0\u00bb custom_padding__hover=\u00a0\u00bb|||\u00a0\u00bb][et_pb_text content_tablet=\u00a0\u00bb<\/p>\n<h2 style=%22margin-top: 20px; text-align: center;%22>Calendrier de la<br \/>formation continue<\/h2>\n<p style=%22margin-top: 20px; font-size: 140%; line-height: 110%; text-align: center;%22>\u00a0\u00bb content_phone=\u00a0\u00bb<\/p>\n<h2 style=%22margin-top: 20px; text-align: center;%22>Calendrier de la<br \/>formation continue<\/h2>\n<p style=%22margin-top: 20px; font-size: 140%; line-height: 110%; text-align: center;%22>\u00a0\u00bb content_last_edited=\u00a0\u00bbon|tablet\u00a0\u00bb disabled_on=\u00a0\u00bboff|off|off\u00a0\u00bb _builder_version=\u00a0\u00bb4.25.2&Prime; background_color=\u00a0\u00bb#fad522&Prime; text_orientation=\u00a0\u00bbright\u00a0\u00bb max_width_tablet=\u00a0\u00bb\u00a0\u00bb max_width_phone=\u00a0\u00bb100%\u00a0\u00bb max_width_last_edited=\u00a0\u00bbon|tablet\u00a0\u00bb custom_margin_tablet=\u00a0\u00bb\u00a0\u00bb custom_margin_phone=\u00a0\u00bb|||50px|false|false\u00a0\u00bb custom_margin_last_edited=\u00a0\u00bbon|phone\u00a0\u00bb custom_padding=\u00a0\u00bb||||false|false\u00a0\u00bb link_option_url=\u00a0\u00bb\/index.php\/calendrier-formation-continue\u00a0\u00bb link_option_url_new_window=\u00a0\u00bbon\u00a0\u00bb text_text_shadow_style=\u00a0\u00bbpreset4&Prime; border_radii=\u00a0\u00bbon|10px|10px|10px|10px\u00a0\u00bb border_width_all=\u00a0\u00bb5px\u00a0\u00bb border_color_all=\u00a0\u00bb#0C71C3&Prime; global_colors_info=\u00a0\u00bb{}\u00a0\u00bb]<\/p>\n<h2 style=\"margin-top: 20px; text-align: center;\">Calendrier de la<br \/>formation continue<\/h2>\n<p style=\"margin-top: 20px; font-size: 140%; line-height: 110%; text-align: center;\">[\/et_pb_text][et_pb_text disabled_on=\u00a0\u00bboff|off|off\u00a0\u00bb _builder_version=\u00a0\u00bb4.27.4&Prime; background_color=\u00a0\u00bb#fad522&Prime; text_orientation=\u00a0\u00bbright\u00a0\u00bb custom_margin_tablet=\u00a0\u00bb\u00a0\u00bb custom_margin_phone=\u00a0\u00bb|||50px|false|false\u00a0\u00bb custom_margin_last_edited=\u00a0\u00bbon|phone\u00a0\u00bb link_option_url=\u00a0\u00bbhttps:\/\/grist.numerique.gouv.fr\/o\/docs\/forms\/dp9hZkX2cXjKBtoyivmuwB\/55&Prime; link_option_url_new_window=\u00a0\u00bbon\u00a0\u00bb text_text_shadow_style=\u00a0\u00bbpreset4&Prime; border_radii=\u00a0\u00bboff|10px|10px|10px|10px\u00a0\u00bb border_width_all=\u00a0\u00bb5px\u00a0\u00bb border_color_all=\u00a0\u00bb#0C71C3&Prime; global_colors_info=\u00a0\u00bb{}\u00a0\u00bb]<\/p>\n<h2 style=\"margin-top: 20px; text-align: center;\">R\u00e9uss&rsquo;IRA :<br \/>la bo\u00eete \u00e0 outils pour<br \/>se pr\u00e9parer au concours<\/h2>\n<p>&nbsp;<\/p>\n<p>[\/et_pb_text][et_pb_social_media_follow _builder_version=\u00a0\u00bb4.25.0&Prime; _module_preset=\u00a0\u00bbdefault\u00a0\u00bb global_colors_info=\u00a0\u00bb{}\u00a0\u00bb][et_pb_social_media_follow_network social_network=\u00a0\u00bbfacebook\u00a0\u00bb url=\u00a0\u00bbhttps:\/\/www.facebook.com\/communauteIRA\/?locale=fr_FR\u00a0\u00bb _builder_version=\u00a0\u00bb4.25.0&Prime; _module_preset=\u00a0\u00bbdefault\u00a0\u00bb background_color=\u00a0\u00bb#3b5998&Prime; global_colors_info=\u00a0\u00bb{}\u00a0\u00bb follow_button=\u00a0\u00bboff\u00a0\u00bb url_new_window=\u00a0\u00bbon\u00a0\u00bb]facebook[\/et_pb_social_media_follow_network][et_pb_social_media_follow_network social_network=\u00a0\u00bblinkedin\u00a0\u00bb url=\u00a0\u00bbhttps:\/\/fr.linkedin.com\/company\/ira-de-nantes\u00a0\u00bb _builder_version=\u00a0\u00bb4.25.0&Prime; _module_preset=\u00a0\u00bbdefault\u00a0\u00bb background_color=\u00a0\u00bb#007bb6&Prime; global_colors_info=\u00a0\u00bb{}\u00a0\u00bb follow_button=\u00a0\u00bboff\u00a0\u00bb url_new_window=\u00a0\u00bbon\u00a0\u00bb]linkedin[\/et_pb_social_media_follow_network][et_pb_social_media_follow_network social_network=\u00a0\u00bbinstagram\u00a0\u00bb url=\u00a0\u00bbhttps:\/\/www.instagram.com\/iradenantes\/\u00a0\u00bb _builder_version=\u00a0\u00bb4.25.0&Prime; _module_preset=\u00a0\u00bbdefault\u00a0\u00bb background_color=\u00a0\u00bb#ea2c59&Prime; global_colors_info=\u00a0\u00bb{}\u00a0\u00bb follow_button=\u00a0\u00bboff\u00a0\u00bb url_new_window=\u00a0\u00bbon\u00a0\u00bb]instagram[\/et_pb_social_media_follow_network][\/et_pb_social_media_follow][\/et_pb_column][et_pb_column type=\u00a0\u00bb3_4&Prime; _builder_version=\u00a0\u00bb4.24.2&Prime; _module_preset=\u00a0\u00bbdefault\u00a0\u00bb global_colors_info=\u00a0\u00bb{}\u00a0\u00bb][et_pb_slider show_image_video_mobile=\u00a0\u00bbon\u00a0\u00bb use_bg_overlay=\u00a0\u00bboff\u00a0\u00bb use_text_overlay=\u00a0\u00bbon\u00a0\u00bb text_overlay_color=\u00a0\u00bb#0C71C3&Prime; admin_label=\u00a0\u00bbDiapo\u00a0\u00bb _builder_version=\u00a0\u00bb4.27.4&Prime; header_font=\u00a0\u00bb|700|||||||\u00a0\u00bb header_font_size=\u00a0\u00bb30px\u00a0\u00bb body_font=\u00a0\u00bb||||||||\u00a0\u00bb background_color=\u00a0\u00bb#FFFFFF\u00a0\u00bb background_image=\u00a0\u00bbhttps:\/\/www.ira-nantes.gouv.fr\/wp-content\/uploads\/2026\/03\/Webinaire-CPT-4-SITE-WEB-IRA.png\u00a0\u00bb background_size=\u00a0\u00bbcontain\u00a0\u00bb background_position=\u00a0\u00bbtop_right\u00a0\u00bb text_orientation=\u00a0\u00bbleft\u00a0\u00bb width=\u00a0\u00bb100%\u00a0\u00bb max_width=\u00a0\u00bb100%\u00a0\u00bb module_alignment=\u00a0\u00bbleft\u00a0\u00bb content_max_width=\u00a0\u00bb100%\u00a0\u00bb min_height=\u00a0\u00bb100%\u00a0\u00bb height=\u00a0\u00bb100%\u00a0\u00bb max_height=\u00a0\u00bb100%\u00a0\u00bb max_height_last_edited=\u00a0\u00bboff|desktop\u00a0\u00bb custom_margin=\u00a0\u00bb0px|0px|0px|0px|false|false\u00a0\u00bb custom_padding=\u00a0\u00bb0px|0px|0px|0px|false|false\u00a0\u00bb animation_style=\u00a0\u00bbflip\u00a0\u00bb auto=\u00a0\u00bbon\u00a0\u00bb link_option_url=\u00a0\u00bbhttps:\/\/grist.numerique.gouv.fr\/o\/docs\/forms\/dp9hZkX2cXjKBtoyivmuwB\/55&Prime; hover_enabled=\u00a0\u00bb0&Prime; body_font_size_tablet=\u00a0\u00bb\u00a0\u00bb body_font_size_phone=\u00a0\u00bb8px\u00a0\u00bb body_font_size_last_edited=\u00a0\u00bbon|tablet\u00a0\u00bb global_colors_info=\u00a0\u00bb{}\u00a0\u00bb sticky_enabled=\u00a0\u00bb0&Prime;][et_pb_slide heading=\u00a0\u00bb+ INFO ICI ! \u00a0\u00bb button_text=\u00a0\u00bbClick Here\u00a0\u00bb button_link=\u00a0\u00bbhttps:\/\/www.ira-nantes.gouv.fr\/index.php\/prepa-oraux\/\u00a0\u00bb _builder_version=\u00a0\u00bb4.27.4&Prime; body_text_color=\u00a0\u00bb#E02B20&Prime; background_color=\u00a0\u00bbrgba(165,165,165,0)\u00a0\u00bb background_enable_color=\u00a0\u00bbon\u00a0\u00bb background_image=\u00a0\u00bbhttps:\/\/www.ira-nantes.gouv.fr\/wp-content\/uploads\/2026\/04\/w1.png\u00a0\u00bb background_enable_image=\u00a0\u00bbon\u00a0\u00bb link_option_url=\u00a0\u00bbhttps:\/\/www.ira-nantes.gouv.fr\/index.php\/prepa-oraux\/\u00a0\u00bb global_colors_info=\u00a0\u00bb{}\u00a0\u00bb sticky_transition=\u00a0\u00bbon\u00a0\u00bb][\/et_pb_slide][et_pb_slide heading=\u00a0\u00bbLien de connexion ici !\u00a0\u00bb button_text=\u00a0\u00bbClick Here\u00a0\u00bb button_link=\u00a0\u00bbhttps:\/\/webinaire.numerique.gouv.fr\/meeting\/signin\/invite\/22204\/creator\/10223\/hash\/2b5feea837e170e20d560ade4ea064ec0eee7ab0&Prime; _builder_version=\u00a0\u00bb4.27.4&Prime; body_text_color=\u00a0\u00bb#E02B20&Prime; background_color=\u00a0\u00bbrgba(165,165,165,0)\u00a0\u00bb background_enable_color=\u00a0\u00bbon\u00a0\u00bb background_image=\u00a0\u00bbhttps:\/\/www.ira-nantes.gouv.fr\/wp-content\/uploads\/2026\/04\/w2.png\u00a0\u00bb background_enable_image=\u00a0\u00bbon\u00a0\u00bb link_option_url=\u00a0\u00bbhttps:\/\/webinaire.numerique.gouv.fr\/meeting\/signin\/invite\/22204\/creator\/10223\/hash\/2b5feea837e170e20d560ade4ea064ec0eee7ab0&Prime; global_colors_info=\u00a0\u00bb{}\u00a0\u00bb sticky_transition=\u00a0\u00bbon\u00a0\u00bb][\/et_pb_slide][et_pb_slide heading=\u00a0\u00bbD\u00e9posez votre candidature ici !\u00a0\u00bb button_text=\u00a0\u00bbClick Here\u00a0\u00bb button_link=\u00a0\u00bbhttps:\/\/www.ira-nantes.gouv.fr\/index.php\/inscription-cpt\/\u00a0\u00bb _builder_version=\u00a0\u00bb4.27.4&Prime; body_text_color=\u00a0\u00bb#E02B20&Prime; background_color=\u00a0\u00bbRGBA(255,255,255,0)\u00a0\u00bb background_enable_color=\u00a0\u00bbon\u00a0\u00bb background_image=\u00a0\u00bbhttps:\/\/www.ira-nantes.gouv.fr\/wp-content\/uploads\/2026\/03\/Campagne-CPT-5-Carrousel-site-web-IRA-de-Nantes-1.png\u00a0\u00bb background_enable_image=\u00a0\u00bbon\u00a0\u00bb link_option_url=\u00a0\u00bbhttps:\/\/www.ira-nantes.gouv.fr\/index.php\/inscription-cpt\/\u00a0\u00bb global_colors_info=\u00a0\u00bb{}\u00a0\u00bb sticky_transition=\u00a0\u00bbon\u00a0\u00bb][\/et_pb_slide][et_pb_slide heading=\u00a0\u00bbSavoir +\u00a0\u00bb button_text=\u00a0\u00bbClick Here\u00a0\u00bb button_link=\u00a0\u00bbhttps:\/\/www.ira-nantes.gouv.fr\/?p=12201&#038;et_fb=1&#038;PageSpeed=off\u00a0\u00bb _builder_version=\u00a0\u00bb4.27.4&Prime; body_text_color=\u00a0\u00bb#E02B20&Prime; background_color=\u00a0\u00bbrgba(226,226,226,0)\u00a0\u00bb background_enable_color=\u00a0\u00bbon\u00a0\u00bb background_image=\u00a0\u00bbhttps:\/\/www.ira-nantes.gouv.fr\/wp-content\/uploads\/2026\/04\/Instagram-Template-COPIE-1-Cadre-blanc.png\u00a0\u00bb background_enable_image=\u00a0\u00bbon\u00a0\u00bb link_option_url=\u00a0\u00bbhttps:\/\/www.ira-nantes.gouv.fr\/?p=12201&#038;et_fb=1&#038;PageSpeed=off\u00a0\u00bb global_colors_info=\u00a0\u00bb{}\u00a0\u00bb sticky_transition=\u00a0\u00bbon\u00a0\u00bb][\/et_pb_slide][et_pb_slide heading=\u00a0\u00bbReuss&rsquo;ira\u00a0\u00bb button_text=\u00a0\u00bbClick Here\u00a0\u00bb button_link=\u00a0\u00bbhttps:\/\/grist.numerique.gouv.fr\/o\/docs\/forms\/dp9hZkX2cXjKBtoyivmuwB\/55&Prime; _builder_version=\u00a0\u00bb4.27.4&Prime; body_text_color=\u00a0\u00bb#E02B20&Prime; background_color=\u00a0\u00bbRGBA(255,255,255,0)\u00a0\u00bb background_enable_color=\u00a0\u00bbon\u00a0\u00bb background_image=\u00a0\u00bbhttps:\/\/www.ira-nantes.gouv.fr\/wp-content\/uploads\/2024\/04\/REUSSIRA-carrousel-site-web-IRA-2-Visuel-carrousel-ReussIRA-2.png\u00a0\u00bb background_enable_image=\u00a0\u00bbon\u00a0\u00bb link_option_url=\u00a0\u00bbhttps:\/\/grist.numerique.gouv.fr\/o\/docs\/forms\/dp9hZkX2cXjKBtoyivmuwB\/55&Prime; link_option_url_new_window=\u00a0\u00bbon\u00a0\u00bb global_colors_info=\u00a0\u00bb{}\u00a0\u00bb sticky_transition=\u00a0\u00bbon\u00a0\u00bb]<\/p>\n<h3>La bo\u00eete \u00e0 outils pour se pr\u00e9parer au concours des IRA<\/h3>\n<p>[\/et_pb_slide][et_pb_slide button_text=\u00a0\u00bbClick Here\u00a0\u00bb button_link=\u00a0\u00bbhttps:\/\/www.podcastics.com\/podcast\/declic-public\/?tab=episodes\u00a0\u00bb _builder_version=\u00a0\u00bb4.27.4&Prime; body_text_color=\u00a0\u00bb#E02B20&Prime; background_color=\u00a0\u00bbrgba(158,158,158,0)\u00a0\u00bb background_enable_color=\u00a0\u00bbon\u00a0\u00bb background_image=\u00a0\u00bbhttps:\/\/www.ira-nantes.gouv.fr\/wp-content\/uploads\/2026\/01\/Le.png\u00a0\u00bb background_enable_image=\u00a0\u00bbon\u00a0\u00bb link_option_url=\u00a0\u00bbhttps:\/\/www.podcastics.com\/podcast\/declic-public\/?tab=episodes\u00a0\u00bb link_option_url_new_window=\u00a0\u00bbon\u00a0\u00bb global_colors_info=\u00a0\u00bb{}\u00a0\u00bb sticky_transition=\u00a0\u00bbon\u00a0\u00bb]<\/p>\n<h3>\u00c9coutez des agents parler de leur m\u00e9tier ici !<\/h3>\n<p>[\/et_pb_slide][et_pb_slide heading=\u00a0\u00bbDevenir cadre de l&rsquo;\u00c9tat ?\u00a0\u00bb button_text=\u00a0\u00bbClics\u00a0\u00bb button_link=\u00a0\u00bbhttps:\/\/www.ira-nantes.gouv.fr\/index.php\/devenir-cadre-de-letat\/\u00a0\u00bb _builder_version=\u00a0\u00bb4.27.4&Prime; _module_preset=\u00a0\u00bbdefault\u00a0\u00bb background_color=\u00a0\u00bbRGBA(255,255,255,0)\u00a0\u00bb background_enable_color=\u00a0\u00bbon\u00a0\u00bb background_image=\u00a0\u00bbhttps:\/\/www.ira-nantes.gouv.fr\/wp-content\/uploads\/2025\/02\/Affiche-generique-2-1.png\u00a0\u00bb background_enable_image=\u00a0\u00bbon\u00a0\u00bb link_option_url=\u00a0\u00bbhttps:\/\/www.ira-nantes.gouv.fr\/index.php\/devenir-cadre-de-letat\/\u00a0\u00bb background_last_edited=\u00a0\u00bboff|desktop\u00a0\u00bb global_colors_info=\u00a0\u00bb{}\u00a0\u00bb sticky_transition=\u00a0\u00bbon\u00a0\u00bb]<\/p>\n<p>On vous explique tout ! <\/p>\n<p>[\/et_pb_slide][et_pb_slide heading=\u00a0\u00bbLa formation continue \u00a0\u00bb button_text=\u00a0\u00bbClick Here\u00a0\u00bb button_link=\u00a0\u00bb\/index.php\/calendrier-formation-continue\/\u00a0\u00bb _builder_version=\u00a0\u00bb4.27.0&Prime; background_color=\u00a0\u00bbRGBA(255,255,255,0)\u00a0\u00bb background_enable_color=\u00a0\u00bbon\u00a0\u00bb background_image=\u00a0\u00bbhttps:\/\/www.ira-nantes.gouv.fr\/wp-content\/uploads\/2022\/12\/carrousel-formation-continue.jpg\u00a0\u00bb link_option_url=\u00a0\u00bb\/index.php\/calendrier-formation-continue\/\u00a0\u00bb global_colors_info=\u00a0\u00bb{}\u00a0\u00bb sticky_transition=\u00a0\u00bbon\u00a0\u00bb]<\/p>\n<h3>L&rsquo;IRA de Nantes dispense des sessions de formation interminist\u00e9rielle tout au long de l&rsquo;ann\u00e9e<\/h3>\n<p>[\/et_pb_slide][et_pb_slide heading=\u00a0\u00bbAppel \u00e0 candidature : devenez ambassadeur de l&rsquo;IRA de Nantes !\u00a0\u00bb button_text=\u00a0\u00bbClick Here\u00a0\u00bb button_link=\u00a0\u00bb\/index.php\/2023\/06\/01\/devenez-ambassadeur-de-lira-de-nantes\/\u00a0\u00bb _builder_version=\u00a0\u00bb4.25.2&Prime; background_color=\u00a0\u00bbRGBA(255,255,255,0)\u00a0\u00bb background_enable_color=\u00a0\u00bbon\u00a0\u00bb background_image=\u00a0\u00bbhttps:\/\/www.ira-nantes.gouv.fr\/wp-content\/uploads\/2023\/06\/carrousel_ambassadeurs-IRA.jpg\u00a0\u00bb link_option_url=\u00a0\u00bb\/index.php\/2023\/06\/01\/devenez-ambassadeur-de-lira-de-nantes\/\u00a0\u00bb global_colors_info=\u00a0\u00bb{}\u00a0\u00bb sticky_transition=\u00a0\u00bbon\u00a0\u00bb]<\/p>\n<h3>Partagez votre exp\u00e9rience sur votre formation \u00e0 l\u2019IRA, votre exp\u00e9rience professionnelle, aupr\u00e8s de votre r\u00e9seau, et participez \u00e0 des \u00e9v\u00e9nements organis\u00e9s par l&rsquo;IRA !<\/h3>\n<p>[\/et_pb_slide][\/et_pb_slider][\/et_pb_column][\/et_pb_row][\/et_pb_section]<\/p>\n","protected":false},"excerpt":{"rendered":"<p>Calendrier de laformation continue R\u00e9uss&rsquo;IRA :la bo\u00eete \u00e0 outils pourse pr\u00e9parer au concours &nbsp;La bo\u00eete \u00e0 outils pour se pr\u00e9parer au concours des IRA\u00c9coutez des agents parler de leur m\u00e9tier ici !On vous explique tout ! L&rsquo;IRA de Nantes dispense des sessions de formation interminist\u00e9rielle tout au long de l&rsquo;ann\u00e9ePartagez votre exp\u00e9rience sur votre formation [&hellip;]<\/p>\n","protected":false},"author":2,"featured_media":0,"parent":0,"menu_order":0,"comment_status":"closed","ping_status":"closed","template":"","meta":{"_et_pb_use_builder":"on","_et_pb_old_content":"<!-- wp:paragraph -->\n<p>Ceci est une page d\u2019exemple. C\u2019est diff\u00e9rent d\u2019un article de blog parce qu\u2019elle restera au m\u00eame endroit et appara\u00eetra dans la navigation de votre site (dans la plupart des th\u00e8mes). La plupart des gens commencent par une page \u00ab\u00a0\u00c0 propos\u00a0\u00bb qui les pr\u00e9sente aux visiteurs du site. Cela pourrait ressembler \u00e0 quelque chose comme cela\u00a0:<\/p>\n<!-- \/wp:paragraph -->\n\n<!-- wp:quote -->\n<blockquote class=\"wp-block-quote\"><p>Bonjour\u00a0! Je suis un m\u00e9canicien qui aspire \u00e0 devenir acteur, et voici mon site. J\u2019habite \u00e0 Bordeaux, j\u2019ai un super chien baptis\u00e9 Russell, et j\u2019aime la vodka-ananas (ainsi qu\u2019\u00eatre surpris par la pluie soudaine lors de longues balades sur la plage au coucher du soleil).<\/p><\/blockquote>\n<!-- \/wp:quote -->\n\n<!-- wp:paragraph -->\n<p>... ou quelque chose comme cela\u00a0:<\/p>\n<!-- \/wp:paragraph -->\n\n<!-- wp:quote -->\n<blockquote class=\"wp-block-quote\"><p>La soci\u00e9t\u00e9 123 Machin Truc a \u00e9t\u00e9 cr\u00e9\u00e9e en 1971, et n\u2019a cess\u00e9 de proposer au public des machins-trucs de qualit\u00e9 depuis lors. Situ\u00e9e \u00e0 Saint-Remy-en-Bouzemont-Saint-Genest-et-Isson, 123 Machin Truc emploie 2 000 personnes, et fabrique toutes sortes de bidules super pour la communaut\u00e9 bouzemontoise.<\/p><\/blockquote>\n<!-- \/wp:quote -->\n\n<!-- wp:paragraph -->\n<p>En tant que nouvel\u00b7le utilisateur ou utilisatrice de WordPress, vous devriez vous rendre sur <a href=\"https:\/\/www.ira-nantes.gouv.fr\/wp-admin\/\">votre tableau de bord<\/a> pour supprimer cette page et cr\u00e9er de nouvelles pages pour votre contenu. Amusez-vous bien\u00a0!<\/p>\n<!-- \/wp:paragraph -->","_et_gb_content_width":"","footnotes":""},"class_list":["post-8732","page","type-page","status-publish","hentry"],"_links":{"self":[{"href":"https:\/\/www.ira-nantes.gouv.fr\/index.php\/wp-json\/wp\/v2\/pages\/8732","targetHints":{"allow":["GET"]}}],"collection":[{"href":"https:\/\/www.ira-nantes.gouv.fr\/index.php\/wp-json\/wp\/v2\/pages"}],"about":[{"href":"https:\/\/www.ira-nantes.gouv.fr\/index.php\/wp-json\/wp\/v2\/types\/page"}],"author":[{"embeddable":true,"href":"https:\/\/www.ira-nantes.gouv.fr\/index.php\/wp-json\/wp\/v2\/users\/2"}],"replies":[{"embeddable":true,"href":"https:\/\/www.ira-nantes.gouv.fr\/index.php\/wp-json\/wp\/v2\/comments?post=8732"}],"version-history":[{"count":115,"href":"https:\/\/www.ira-nantes.gouv.fr\/index.php\/wp-json\/wp\/v2\/pages\/8732\/revisions"}],"predecessor-version":[{"id":12282,"href":"https:\/\/www.ira-nantes.gouv.fr\/index.php\/wp-json\/wp\/v2\/pages\/8732\/revisions\/12282"}],"wp:attachment":[{"href":"https:\/\/www.ira-nantes.gouv.fr\/index.php\/wp-json\/wp\/v2\/media?parent=8732"}],"curies":[{"name":"wp","href":"https:\/\/api.w.org\/{rel}","templated":true}]}}