{"id":407,"date":"2019-03-11T12:02:35","date_gmt":"2019-03-11T11:02:35","guid":{"rendered":"https:\/\/www.ira-nantes.gouv.fr\/?page_id=407"},"modified":"2026-04-16T10:35:09","modified_gmt":"2026-04-16T08:35:09","slug":"deroule-de-la-formation","status":"publish","type":"page","link":"https:\/\/www.ira-nantes.gouv.fr\/index.php\/deroule-de-la-formation\/","title":{"rendered":"D\u00e9roul\u00e9 de la formation"},"content":{"rendered":"<p>[et_pb_section fb_built=\u00a0\u00bb1&Prime; _builder_version=\u00a0\u00bb4.16&Prime; custom_padding=\u00a0\u00bb6px|0px|54px|0px|false|false\u00a0\u00bb global_colors_info=\u00a0\u00bb{}\u00a0\u00bb][et_pb_row column_structure=\u00a0\u00bb2_3,1_3&Prime; _builder_version=\u00a0\u00bb4.25.0&Prime; width=\u00a0\u00bb85%\u00a0\u00bb max_width=\u00a0\u00bb85%\u00a0\u00bb custom_margin=\u00a0\u00bb|||150px|false|false\u00a0\u00bb custom_margin_tablet=\u00a0\u00bb|||0px|false|false\u00a0\u00bb custom_margin_phone=\u00a0\u00bb|||0px|false|false\u00a0\u00bb custom_margin_last_edited=\u00a0\u00bbon|desktop\u00a0\u00bb custom_padding=\u00a0\u00bb0|0px|0px|0px|false|false\u00a0\u00bb use_custom_width=\u00a0\u00bbon\u00a0\u00bb width_unit=\u00a0\u00bboff\u00a0\u00bb custom_width_percent=\u00a0\u00bb85%\u00a0\u00bb global_colors_info=\u00a0\u00bb{}\u00a0\u00bb][et_pb_column type=\u00a0\u00bb2_3&Prime; _builder_version=\u00a0\u00bb4.16&Prime; custom_padding=\u00a0\u00bb|||\u00a0\u00bb global_colors_info=\u00a0\u00bb{}\u00a0\u00bb custom_padding__hover=\u00a0\u00bb|||\u00a0\u00bb][et_pb_text _builder_version=\u00a0\u00bb4.16&Prime; text_font=\u00a0\u00bb|800|||||||\u00a0\u00bb text_text_color=\u00a0\u00bb#60ccee\u00a0\u00bb text_font_size=\u00a0\u00bb1.57em\u00a0\u00bb text_line_height=\u00a0\u00bb1.6em\u00a0\u00bb global_colors_info=\u00a0\u00bb{}\u00a0\u00bb]<\/p>\n<p>Les cours de la Classe Pr\u00e9pa Talents se d\u00e9roulent sur l&rsquo;antenne choisie par l&rsquo;\u00e9l\u00e8ve :<\/p>\n<p>[\/et_pb_text][et_pb_text _builder_version=\u00a0\u00bb4.16&Prime; text_font=\u00a0\u00bb|600|||||||\u00a0\u00bb text_font_size=\u00a0\u00bb1em\u00a0\u00bb text_line_height=\u00a0\u00bb1.6em\u00a0\u00bb global_colors_info=\u00a0\u00bb{}\u00a0\u00bb]<\/p>\n<p>Les enseignements se d\u00e9roulent au sein des locaux de l&rsquo;IRA de Nantes, ou bien sur l&rsquo;une des antennes de la Classe Pr\u00e9pa Talents :<\/p>\n<ul>\n<li>\u00e0 l&rsquo;IPAG de Brest <\/li>\n<li>\u00e0 l&rsquo;IPAG de Limoges<\/li>\n<li>\u00e0 l&rsquo;IPAG de Rennes<\/li>\n<\/ul>\n<p>&nbsp;<\/p>\n<p>[\/et_pb_text][et_pb_text _builder_version=\u00a0\u00bb4.16&Prime; text_font=\u00a0\u00bb|800|||||||\u00a0\u00bb text_text_color=\u00a0\u00bb#60ccee\u00a0\u00bb text_font_size=\u00a0\u00bb1.57em\u00a0\u00bb text_line_height=\u00a0\u00bb1.6em\u00a0\u00bb global_colors_info=\u00a0\u00bb{}\u00a0\u00bb]Le contenu de la formation :[\/et_pb_text][et_pb_text _builder_version=\u00a0\u00bb4.27.4&Prime; text_font=\u00a0\u00bb||||||||\u00a0\u00bb text_font_size=\u00a0\u00bb1em\u00a0\u00bb text_line_height=\u00a0\u00bb1.6em\u00a0\u00bb width=\u00a0\u00bb84.2%\u00a0\u00bb global_colors_info=\u00a0\u00bb{}\u00a0\u00bb]<\/p>\n<h4><strong>1) Une formation de pr\u00e9paration aux concours :<br \/><\/strong><\/h4>\n<ul>\n<li>Cas pratique et note de synth\u00e8se<\/li>\n<li>Pr\u00e9paration \u00e0 l&rsquo;\u00e9preuve \u00e9crite d&rsquo;admissibilit\u00e9<\/li>\n<li>Pr\u00e9paration \u00e0 l&rsquo;\u00e9preuve orale d&rsquo;admission ( entretien avec le jury )<\/li>\n<\/ul>\n<h4><strong>2) Des enseignements pour une acqu\u00e9rir une connaissance solide de l&rsquo;administration publique :<\/strong><\/h4>\n<ul>\n<li>Droit constitutionnel, Droit administratif<\/li>\n<li>Finances et fonction publiques<\/li>\n<li>Gestion des ressources humaines<\/li>\n<li>Droit de l&rsquo;Union Europ\u00e9enne<\/li>\n<li>Culture num\u00e9rique<\/li>\n<li>Politique \u00e9conomique<\/li>\n<li>Langues \u00e9trang\u00e8res<\/li>\n<\/ul>\n<h4><strong>3) Une formation ax\u00e9e sur le monde professionnel :<\/strong><\/h4>\n<ul>\n<li>avec 1 semaine de stage immersif, et du tutorat assur\u00e9 par des \u00e9l\u00e8ves attach\u00e9s (un laur\u00e9at du concours interne, et un laur\u00e9at du concours externe*) tout au long de la formation.<\/li>\n<\/ul>\n<p><em>* le concours interne concerne les agents publics d\u00e9j\u00e0 en poste souhaitant \u00e9voluer vers des fonctions de cadre.<\/em><\/p>\n<p>\u25cf Des conf\u00e9rences sur les politiques publiques d\u00e9finies chaque ann\u00e9e en fonction des th\u00e8mes retenus par la DGAFP pour l&rsquo;\u00e9laboration des sujets des \u00e9preuves d&rsquo;admissibilit\u00e9.<\/p>\n<p>\u25cf Des immersions dans les administrations locales (Chambre r\u00e9gionale des comptes, Tribunal administratif, Pr\u00e9fecture, Rectorat, EPLE&#8230;), de mani\u00e8re \u00e0 appr\u00e9hender les missions et responsabilit\u00e9s confi\u00e9es \u00e0 un attach\u00e9 et d&rsquo;\u00e9changer avec les cadres en poste.<\/p>\n<p>&nbsp;<\/p>\n<p>[\/et_pb_text][\/et_pb_column][et_pb_column type=\u00a0\u00bb1_3&Prime; _builder_version=\u00a0\u00bb4.16&Prime; custom_padding=\u00a0\u00bb|||\u00a0\u00bb global_colors_info=\u00a0\u00bb{}\u00a0\u00bb custom_padding__hover=\u00a0\u00bb|||\u00a0\u00bb][et_pb_image src=\u00a0\u00bbhttps:\/\/www.ira-nantes.gouv.fr\/wp-content\/uploads\/2023\/02\/carte-france_prepaIRANantes-1.jpg\u00a0\u00bb align_tablet=\u00a0\u00bbcenter\u00a0\u00bb align_phone=\u00a0\u00bbcenter\u00a0\u00bb align_last_edited=\u00a0\u00bbon|desktop\u00a0\u00bb _builder_version=\u00a0\u00bb4.16&Prime; global_colors_info=\u00a0\u00bb{}\u00a0\u00bb][\/et_pb_image][et_pb_image src=\u00a0\u00bbhttps:\/\/www.ira-nantes.gouv.fr\/wp-content\/uploads\/2026\/04\/Photo-promo-CPT-scaled.png\u00a0\u00bb title_text=\u00a0\u00bbPhoto promo CPT\u00a0\u00bb align_tablet=\u00a0\u00bbcenter\u00a0\u00bb align_phone=\u00a0\u00bbcenter\u00a0\u00bb align_last_edited=\u00a0\u00bbon|desktop\u00a0\u00bb _builder_version=\u00a0\u00bb4.27.4&Prime; custom_margin=\u00a0\u00bb|||-195px||\u00a0\u00bb custom_padding=\u00a0\u00bb|||0px||\u00a0\u00bb hover_enabled=\u00a0\u00bb0&Prime; global_colors_info=\u00a0\u00bb{}\u00a0\u00bb sticky_enabled=\u00a0\u00bb0&Prime;][\/et_pb_image][\/et_pb_column][\/et_pb_row][\/et_pb_section]<\/p>\n","protected":false},"excerpt":{"rendered":"<p>Les cours de la Classe Pr\u00e9pa Talents se d\u00e9roulent sur l&rsquo;antenne choisie par l&rsquo;\u00e9l\u00e8ve :Les enseignements se d\u00e9roulent au sein des locaux de l&rsquo;IRA de Nantes, ou bien sur l&rsquo;une des antennes de la Classe Pr\u00e9pa Talents : \u00e0 l&rsquo;IPAG de Brest \u00e0 l&rsquo;IPAG de Limoges \u00e0 l&rsquo;IPAG de Rennes &nbsp;Le contenu de la formation [&hellip;]<\/p>\n","protected":false},"author":1,"featured_media":0,"parent":0,"menu_order":0,"comment_status":"closed","ping_status":"closed","template":"","meta":{"_et_pb_use_builder":"on","_et_pb_old_content":"","_et_gb_content_width":"","footnotes":""},"class_list":["post-407","page","type-page","status-publish","hentry"],"_links":{"self":[{"href":"https:\/\/www.ira-nantes.gouv.fr\/index.php\/wp-json\/wp\/v2\/pages\/407","targetHints":{"allow":["GET"]}}],"collection":[{"href":"https:\/\/www.ira-nantes.gouv.fr\/index.php\/wp-json\/wp\/v2\/pages"}],"about":[{"href":"https:\/\/www.ira-nantes.gouv.fr\/index.php\/wp-json\/wp\/v2\/types\/page"}],"author":[{"embeddable":true,"href":"https:\/\/www.ira-nantes.gouv.fr\/index.php\/wp-json\/wp\/v2\/users\/1"}],"replies":[{"embeddable":true,"href":"https:\/\/www.ira-nantes.gouv.fr\/index.php\/wp-json\/wp\/v2\/comments?post=407"}],"version-history":[{"count":5,"href":"https:\/\/www.ira-nantes.gouv.fr\/index.php\/wp-json\/wp\/v2\/pages\/407\/revisions"}],"predecessor-version":[{"id":12244,"href":"https:\/\/www.ira-nantes.gouv.fr\/index.php\/wp-json\/wp\/v2\/pages\/407\/revisions\/12244"}],"wp:attachment":[{"href":"https:\/\/www.ira-nantes.gouv.fr\/index.php\/wp-json\/wp\/v2\/media?parent=407"}],"curies":[{"name":"wp","href":"https:\/\/api.w.org\/{rel}","templated":true}]}}