{"id":159,"date":"2023-04-13T08:00:10","date_gmt":"2023-04-13T06:00:10","guid":{"rendered":"https:\/\/www.ira-nantes.gouv.fr\/?page_id=159"},"modified":"2025-02-11T14:43:45","modified_gmt":"2025-02-11T13:43:45","slug":"statut","status":"publish","type":"page","link":"https:\/\/www.ira-nantes.gouv.fr\/index.php\/statut\/","title":{"rendered":"Situation administrative et statut"},"content":{"rendered":"<p>[et_pb_section fb_built=\u00a0\u00bb1&Prime; _builder_version=\u00a0\u00bb4.16&Prime; module_alignment=\u00a0\u00bbleft\u00a0\u00bb custom_padding=\u00a0\u00bb0|0px|0|0px|false|false\u00a0\u00bb global_colors_info=\u00a0\u00bb{}\u00a0\u00bb][et_pb_row column_structure=\u00a0\u00bb3_5,2_5&Prime; _builder_version=\u00a0\u00bb4.25.2&Prime; width=\u00a0\u00bb85%\u00a0\u00bb max_width=\u00a0\u00bb85%\u00a0\u00bb custom_margin=\u00a0\u00bb|auto||149px|false|false\u00a0\u00bb custom_margin_tablet=\u00a0\u00bb|||0px|false|false\u00a0\u00bb custom_margin_phone=\u00a0\u00bb|||0px|false|false\u00a0\u00bb custom_margin_last_edited=\u00a0\u00bbon|desktop\u00a0\u00bb custom_padding=\u00a0\u00bb0px|0px|0px|0|false|false\u00a0\u00bb use_custom_width=\u00a0\u00bbon\u00a0\u00bb width_unit=\u00a0\u00bboff\u00a0\u00bb custom_width_percent=\u00a0\u00bb85%\u00a0\u00bb global_colors_info=\u00a0\u00bb{}\u00a0\u00bb][et_pb_column type=\u00a0\u00bb3_5&Prime; _builder_version=\u00a0\u00bb4.16&Prime; custom_padding=\u00a0\u00bb|||\u00a0\u00bb global_colors_info=\u00a0\u00bb{}\u00a0\u00bb custom_padding__hover=\u00a0\u00bb|||\u00a0\u00bb][et_pb_heading title=\u00a0\u00bbSTATUT\u00a0\u00bb _builder_version=\u00a0\u00bb4.25.2&Prime; _module_preset=\u00a0\u00bbdefault\u00a0\u00bb custom_padding=\u00a0\u00bb37px||0px|||\u00a0\u00bb global_colors_info=\u00a0\u00bb{}\u00a0\u00bb][\/et_pb_heading][et_pb_text _builder_version=\u00a0\u00bb4.16&Prime; text_font=\u00a0\u00bb||||||||\u00a0\u00bb text_font_size=\u00a0\u00bb1em\u00a0\u00bb global_colors_info=\u00a0\u00bb{}\u00a0\u00bb]<\/p>\n<p>Les laur\u00e9ats, d\u00e8s lors qu&rsquo;ils int\u00e8grent l&rsquo;IRA, ont le statut d\u2019\u00e9l\u00e8ves fonctionnaires de l&rsquo;Etat.<\/p>\n<p>A ce titre, ils sont r\u00e9mun\u00e9r\u00e9s et soumis aux droits et des obligations propres au statut g\u00e9n\u00e9ral de la fonction publique.<\/p>\n<p>L\u2019\u00e9l\u00e8ve signe au d\u00e9but de la premi\u00e8re p\u00e9riode probatoire un engagement de servir l\u2019Etat, en qualit\u00e9 de fonctionnaire de l\u2019Etat, en activit\u00e9 ou en d\u00e9tachement, pendant une dur\u00e9e minimale de cinq ans \u00e0 compter de la date de sa titularisation. L\u2019int\u00e9ress\u00e9 ne peut commencer la p\u00e9riode probatoire de formation s\u2019il n\u2019a pas sign\u00e9 cet engagement. Est prise en compte au titre de cet engagement la dur\u00e9e de service accomplie dans un emploi relevant de la fonction publique territoriale ou de la fonction publique hospitali\u00e8re ou au sein des services de l\u2019Union europ\u00e9enne ou dans l\u2019administration d\u2019un Etat membre de l\u2019Union europ\u00e9enne ou d\u2019un autre Etat partie \u00e0 l\u2019accord sur l\u2019Espace \u00e9conomique europ\u00e9en.<\/p>\n<p>En cas de rupture de cet engagement survenant plus de quatre mois apr\u00e8s sa date de nomination en qualit\u00e9 d\u2019\u00e9l\u00e8ve, sauf si la rupture ne lui est pas imputable, l\u2019int\u00e9ress\u00e9 rembourse \u00e0 l\u2019Etat, dans des conditions fix\u00e9es par arr\u00eat\u00e9 du ministre charg\u00e9 de la fonction publique, tout ou partie de la r\u00e9mun\u00e9ration per\u00e7ue pendant la dur\u00e9e de la formation ainsi que des frais engag\u00e9s par l\u2019institut dans lequel il avait \u00e9t\u00e9 nomm\u00e9, compte tenu des services restant \u00e0 accomplir. Le remboursement est affect\u00e9 au budget de l\u2019institut dans lequel l\u2019agent a accompli sa premi\u00e8re p\u00e9riode probatoire selon des modalit\u00e9s pr\u00e9cis\u00e9es par un arr\u00eat\u00e9 conjoint du ministre charg\u00e9 de la fonction publique et du ministre charg\u00e9 du budget.<\/p>\n<p>Toutes informations pratiques relatives au statut et \u00e0 la vie quotidienne des \u00e9l\u00e8ves sont communiqu\u00e9es aux laur\u00e9ats de l&rsquo;un des 3 concours, sur un portail d\u00e9di\u00e9 ou lors d&rsquo;une journ\u00e9e \u00ab\u00a0portes ouvertes\u00a0\u00bb qui leur est propos\u00e9e apr\u00e8s la publication des r\u00e9sultats d\u2019admission.<\/p>\n<p>[\/et_pb_text][\/et_pb_column][et_pb_column type=\u00a0\u00bb2_5&Prime; _builder_version=\u00a0\u00bb4.16&Prime; custom_padding=\u00a0\u00bb|||\u00a0\u00bb global_colors_info=\u00a0\u00bb{}\u00a0\u00bb custom_padding__hover=\u00a0\u00bb|||\u00a0\u00bb][et_pb_cta title=\u00a0\u00bbLes \u00e9l\u00e8ves attach\u00e9s de l&rsquo;IRA sont en outre soumis aux dispositions :\u00a0\u00bb _builder_version=\u00a0\u00bb4.27.4&Prime; header_font=\u00a0\u00bb|800|||||||\u00a0\u00bb body_font=\u00a0\u00bb|600|||||||\u00a0\u00bb background_color=\u00a0\u00bb#60ccee\u00a0\u00bb text_orientation=\u00a0\u00bbleft\u00a0\u00bb hover_enabled=\u00a0\u00bb0&Prime; global_colors_info=\u00a0\u00bb{}\u00a0\u00bb sticky_enabled=\u00a0\u00bb0&Prime;]<\/p>\n<p>Du d\u00e9cret n\u00b0 94-874 du 7 octobre 1994\u00a0fixant les dispositions communes applicables aux fonctionnaires stagiaires de l&rsquo;Etat et de ses \u00e9tablissements publics<\/p>\n<p><a style=\"border-color: transparent; background-color: #13357a;\" class=\"et_pb_button et_pb_custom_button_icon et_pb_bg_layout_dark\" target=\"_blank\" href=\"http:\/\/www.legifrance.gouv.fr\/affichTexte.do?cidTexte=JORFTEXT000000366828&amp;dateTexte=&amp;categorieLien=id\" rel=\"noopener noreferrer\">Consulter <img decoding=\"async\" src=\"https:\/\/www.ira-nantes.gouv.fr\/wp-content\/uploads\/2019\/05\/IRA_consulter_white.png\" style=\"width: 35px; vertical-align: -32%;\" \/><\/a><\/p>\n<p>Du d\u00e9cret no 2019-86 du 8 f\u00e9vrier 2019 relatif aux instituts r\u00e9gionaux d\u2019administration\u00a0du r\u00e8glement int\u00e9rieur de l&rsquo;Institut<\/p>\n<p><a style=\"border-color: transparent; background-color: #13357a;\" class=\"et_pb_button et_pb_custom_button_icon et_pb_bg_layout_dark\" target=\"_blank\" href=\"https:\/\/www.legifrance.gouv.fr\/affichTexte.do?cidTexte=JORFTEXT000038109474&amp;dateTexte=\" rel=\"noopener noreferrer\">Consulter <img decoding=\"async\" src=\"https:\/\/www.ira-nantes.gouv.fr\/wp-content\/uploads\/2019\/05\/IRA_consulter_white.png\" style=\"width: 35px; vertical-align: -32%;\" \/><\/a><\/p>\n<p>De l\u2019arr\u00eat\u00e9 du 12 d\u00e9cembre 2024 relatif \u00e0 l\u2019organisation de la formation initiale dispens\u00e9e au sein des instituts r\u00e9gionaux d\u2019administration<\/p>\n<p><a style=\"border-color: transparent; background-color: #13357a;\" class=\"et_pb_button et_pb_custom_button_icon et_pb_bg_layout_dark\" target=\"blank\" href=\"https:\/\/www.legifrance.gouv.fr\/jorf\/id\/JORFTEXT000050777299\" rel=\"noopener noreferrer\">Consulter <img decoding=\"async\" src=\"\/wp-content\/uploads\/2019\/05\/IRA_consulter_white.png\" style=\"width: 35px; vertical-align: -32%;\" \/><\/a><\/p>\n<p>Du d\u00e9cret <span>n\u00b0 2024-234 du 18 mars 2024 modifiant l&rsquo;organisation de la formation des fonctionnaires recrut\u00e9s par les IRA <\/span><\/p>\n<p><a style=\"border-color: transparent; background-color: #13357a;\" class=\"et_pb_button et_pb_custom_button_icon et_pb_bg_layout_dark\" href=\"https:\/\/www.legifrance.gouv.fr\/jorf\/id\/JORFTEXT000049291451\" rel=\"noreferrer\">Consulter <img decoding=\"async\" src=\"\/wp-content\/uploads\/2019\/05\/IRA_consulter_white.png\" style=\"width: 35px; vertical-align: -32%;\" \/><\/a><\/p>\n<p>[\/et_pb_cta][et_pb_sidebar area=\u00a0\u00bbsidebar-1&Prime; _builder_version=\u00a0\u00bb4.16&Prime; global_colors_info=\u00a0\u00bb{}\u00a0\u00bb][\/et_pb_sidebar][et_pb_sidebar area=\u00a0\u00bbsidebar-1&Prime; _builder_version=\u00a0\u00bb4.16&Prime; global_colors_info=\u00a0\u00bb{}\u00a0\u00bb][\/et_pb_sidebar][\/et_pb_column][\/et_pb_row][\/et_pb_section]<\/p>\n","protected":false},"excerpt":{"rendered":"<p>Les laur\u00e9ats, d\u00e8s lors qu&rsquo;ils int\u00e8grent l&rsquo;IRA, ont le statut d\u2019\u00e9l\u00e8ves fonctionnaires de l&rsquo;Etat. A ce titre, ils sont r\u00e9mun\u00e9r\u00e9s et soumis aux droits et des obligations propres au statut g\u00e9n\u00e9ral de la fonction publique. L\u2019\u00e9l\u00e8ve signe au d\u00e9but de la premi\u00e8re p\u00e9riode probatoire un engagement de servir l\u2019Etat, en qualit\u00e9 de fonctionnaire de l\u2019Etat, [&hellip;]<\/p>\n","protected":false},"author":1,"featured_media":0,"parent":0,"menu_order":0,"comment_status":"closed","ping_status":"closed","template":"","meta":{"_et_pb_use_builder":"on","_et_pb_old_content":"","_et_gb_content_width":"","footnotes":""},"class_list":["post-159","page","type-page","status-publish","hentry"],"_links":{"self":[{"href":"https:\/\/www.ira-nantes.gouv.fr\/index.php\/wp-json\/wp\/v2\/pages\/159","targetHints":{"allow":["GET"]}}],"collection":[{"href":"https:\/\/www.ira-nantes.gouv.fr\/index.php\/wp-json\/wp\/v2\/pages"}],"about":[{"href":"https:\/\/www.ira-nantes.gouv.fr\/index.php\/wp-json\/wp\/v2\/types\/page"}],"author":[{"embeddable":true,"href":"https:\/\/www.ira-nantes.gouv.fr\/index.php\/wp-json\/wp\/v2\/users\/1"}],"replies":[{"embeddable":true,"href":"https:\/\/www.ira-nantes.gouv.fr\/index.php\/wp-json\/wp\/v2\/comments?post=159"}],"version-history":[{"count":6,"href":"https:\/\/www.ira-nantes.gouv.fr\/index.php\/wp-json\/wp\/v2\/pages\/159\/revisions"}],"predecessor-version":[{"id":11447,"href":"https:\/\/www.ira-nantes.gouv.fr\/index.php\/wp-json\/wp\/v2\/pages\/159\/revisions\/11447"}],"wp:attachment":[{"href":"https:\/\/www.ira-nantes.gouv.fr\/index.php\/wp-json\/wp\/v2\/media?parent=159"}],"curies":[{"name":"wp","href":"https:\/\/api.w.org\/{rel}","templated":true}]}}

<p>[et_pb_section fb_built= »1&Prime; _builder_version= »4.16&Prime; module_alignment= »left » custom_padding= »0|0px|0|0px|false|false » global_colors_info= »{} »][et_pb_row column_structure= »3_5,2_5&Prime; _builder_version= »4.25.2&Prime; width= »85% » max_width= »85% » custom_margin= »|auto||149px|false|false » custom_margin_tablet= »|||0px|false|false » custom_margin_phone= »|||0px|false|false » custom_margin_last_edited= »on|desktop » custom_padding= »0px|0px|0px|0|false|false » use_custom_width= »on » width_unit= »off » custom_width_percent= »85% » global_colors_info= »{} »][et_pb_column type= »3_5&Prime; _builder_version= »4.16&Prime; custom_padding= »||| » global_colors_info= »{} » custom_padding__hover= »||| »][et_pb_heading title= »STATUT » _builder_version= »4.25.2&Prime; _module_preset= »default » custom_padding= »37px||0px||| » global_colors_info= »{} »][/et_pb_heading][et_pb_text _builder_version= »4.16&Prime; text_font= »|||||||| » text_font_size= »1em » global_colors_info= »{} »]</p>
<p>Les lauréats, dès lors qu&rsquo;ils intègrent l&rsquo;IRA, ont le statut d’élèves fonctionnaires de l&rsquo;Etat.</p>
<p>A ce titre, ils sont rémunérés et soumis aux droits et des obligations propres au statut général de la fonction publique.</p>
<p>L’élève signe au début de la première période probatoire un engagement de servir l’Etat, en qualité de fonctionnaire de l’Etat, en activité ou en détachement, pendant une durée minimale de cinq ans à compter de la date de sa titularisation. L’intéressé ne peut commencer la période probatoire de formation s’il n’a pas signé cet engagement. Est prise en compte au titre de cet engagement la durée de service accomplie dans un emploi relevant de la fonction publique territoriale ou de la fonction publique hospitalière ou au sein des services de l’Union européenne ou dans l’administration d’un Etat membre de l’Union européenne ou d’un autre Etat partie à l’accord sur l’Espace économique européen.</p>
<p>En cas de rupture de cet engagement survenant plus de quatre mois après sa date de nomination en qualité d’élève, sauf si la rupture ne lui est pas imputable, l’intéressé rembourse à l’Etat, dans des conditions fixées par arrêté du ministre chargé de la fonction publique, tout ou partie de la rémunération perçue pendant la durée de la formation ainsi que des frais engagés par l’institut dans lequel il avait été nommé, compte tenu des services restant à accomplir. Le remboursement est affecté au budget de l’institut dans lequel l’agent a accompli sa première période probatoire selon des modalités précisées par un arrêté conjoint du ministre chargé de la fonction publique et du ministre chargé du budget.</p>
<p>Toutes informations pratiques relatives au statut et à la vie quotidienne des élèves sont communiquées aux lauréats de l&rsquo;un des 3 concours, sur un portail dédié ou lors d&rsquo;une journée « portes ouvertes » qui leur est proposée après la publication des résultats d’admission.</p>
<p>[/et_pb_text][/et_pb_column][et_pb_column type= »2_5&Prime; _builder_version= »4.16&Prime; custom_padding= »||| » global_colors_info= »{} » custom_padding__hover= »||| »][et_pb_cta title= »Les élèves attachés de l&rsquo;IRA sont en outre soumis aux dispositions : » _builder_version= »4.27.4&Prime; header_font= »|800||||||| » body_font= »|600||||||| » background_color= »#60ccee » text_orientation= »left » hover_enabled= »0&Prime; global_colors_info= »{} » sticky_enabled= »0&Prime;]</p>
<p>Du décret n° 94-874 du 7 octobre 1994 fixant les dispositions communes applicables aux fonctionnaires stagiaires de l&rsquo;Etat et de ses établissements publics</p>
<p><a style="border-color: transparent; background-color: #13357a;" class="et_pb_button et_pb_custom_button_icon et_pb_bg_layout_dark" target="_blank" href="http://www.legifrance.gouv.fr/affichTexte.do?cidTexte=JORFTEXT000000366828&amp;dateTexte=&amp;categorieLien=id" rel="noopener noreferrer">Consulter <img decoding="async" src="https://www.ira-nantes.gouv.fr/wp-content/uploads/2019/05/IRA_consulter_white.png" style="width: 35px; vertical-align: -32%;" /></a></p>
<p>Du décret no 2019-86 du 8 février 2019 relatif aux instituts régionaux d’administration du règlement intérieur de l&rsquo;Institut</p>
<p><a style="border-color: transparent; background-color: #13357a;" class="et_pb_button et_pb_custom_button_icon et_pb_bg_layout_dark" target="_blank" href="https://www.legifrance.gouv.fr/affichTexte.do?cidTexte=JORFTEXT000038109474&amp;dateTexte=" rel="noopener noreferrer">Consulter <img decoding="async" src="https://www.ira-nantes.gouv.fr/wp-content/uploads/2019/05/IRA_consulter_white.png" style="width: 35px; vertical-align: -32%;" /></a></p>
<p>De l’arrêté du 12 décembre 2024 relatif à l’organisation de la formation initiale dispensée au sein des instituts régionaux d’administration</p>
<p><a style="border-color: transparent; background-color: #13357a;" class="et_pb_button et_pb_custom_button_icon et_pb_bg_layout_dark" target="blank" href="https://www.legifrance.gouv.fr/jorf/id/JORFTEXT000050777299" rel="noopener noreferrer">Consulter <img decoding="async" src="/wp-content/uploads/2019/05/IRA_consulter_white.png" style="width: 35px; vertical-align: -32%;" /></a></p>
<p>Du décret <span>n° 2024-234 du 18 mars 2024 modifiant l&rsquo;organisation de la formation des fonctionnaires recrutés par les IRA </span></p>
<p><a style="border-color: transparent; background-color: #13357a;" class="et_pb_button et_pb_custom_button_icon et_pb_bg_layout_dark" href="https://www.legifrance.gouv.fr/jorf/id/JORFTEXT000049291451" rel="noreferrer">Consulter <img decoding="async" src="/wp-content/uploads/2019/05/IRA_consulter_white.png" style="width: 35px; vertical-align: -32%;" /></a></p>
<p>[/et_pb_cta][et_pb_sidebar area= »sidebar-1&Prime; _builder_version= »4.16&Prime; global_colors_info= »{} »][/et_pb_sidebar][et_pb_sidebar area= »sidebar-1&Prime; _builder_version= »4.16&Prime; global_colors_info= »{} »][/et_pb_sidebar][/et_pb_column][/et_pb_row][/et_pb_section]</p>

<p>Les lauréats, dès lors qu&rsquo;ils intègrent l&rsquo;IRA, ont le statut d’élèves fonctionnaires de l&rsquo;Etat. A ce titre, ils sont rémunérés et soumis aux droits et des obligations propres au statut général de la fonction publique. L’élève signe au début de la première période probatoire un engagement de servir l’Etat, en qualité de fonctionnaire de l’Etat, [&hellip;]</p>
