{"id":146,"date":"2019-04-01T16:46:37","date_gmt":"2019-04-01T14:46:37","guid":{"rendered":"https:\/\/www.ira-nantes.gouv.fr\/?page_id=146"},"modified":"2025-09-23T10:27:31","modified_gmt":"2025-09-23T08:27:31","slug":"se-rendre-a-linstitut","status":"publish","type":"page","link":"https:\/\/www.ira-nantes.gouv.fr\/index.php\/se-rendre-a-linstitut\/","title":{"rendered":"Se rendre \u00e0 l\u2019Institut"},"content":{"rendered":"<p>[et_pb_section fb_built=\u00a0\u00bb1&Prime; _builder_version=\u00a0\u00bb4.16&Prime; module_alignment=\u00a0\u00bbleft\u00a0\u00bb custom_padding=\u00a0\u00bb0|0|0|0px|false|false\u00a0\u00bb global_colors_info=\u00a0\u00bb{}\u00a0\u00bb][et_pb_row column_structure=\u00a0\u00bb1_4,1_2,1_4&Prime; _builder_version=\u00a0\u00bb4.25.0&Prime; width=\u00a0\u00bb85%\u00a0\u00bb max_width=\u00a0\u00bb85%\u00a0\u00bb custom_margin=\u00a0\u00bb|||150px|false|false\u00a0\u00bb custom_margin_tablet=\u00a0\u00bb|||0px|false|false\u00a0\u00bb custom_margin_phone=\u00a0\u00bb|||0px|false|false\u00a0\u00bb custom_margin_last_edited=\u00a0\u00bbon|desktop\u00a0\u00bb custom_padding=\u00a0\u00bb0px|0px|0px|0|false|false\u00a0\u00bb use_custom_width=\u00a0\u00bbon\u00a0\u00bb width_unit=\u00a0\u00bboff\u00a0\u00bb custom_width_percent=\u00a0\u00bb85%\u00a0\u00bb global_colors_info=\u00a0\u00bb{}\u00a0\u00bb][et_pb_column type=\u00a0\u00bb1_4&Prime; _builder_version=\u00a0\u00bb4.16&Prime; custom_padding=\u00a0\u00bb|||\u00a0\u00bb global_colors_info=\u00a0\u00bb{}\u00a0\u00bb custom_padding__hover=\u00a0\u00bb|||\u00a0\u00bb][et_pb_cta button_text=\u00a0\u00bbClick Here\u00a0\u00bb _builder_version=\u00a0\u00bb4.27.4&Prime; header_font=\u00a0\u00bb|800|||||||\u00a0\u00bb body_font=\u00a0\u00bb|700|||||||\u00a0\u00bb body_text_align=\u00a0\u00bbcenter\u00a0\u00bb body_font_size=\u00a0\u00bb18px\u00a0\u00bb background_color=\u00a0\u00bb#afafaf\u00a0\u00bb text_orientation=\u00a0\u00bbleft\u00a0\u00bb custom_padding=\u00a0\u00bb21px|0px|0px|0px\u00a0\u00bb hover_enabled=\u00a0\u00bb0&Prime; global_colors_info=\u00a0\u00bb{}\u00a0\u00bb sticky_enabled=\u00a0\u00bb0&Prime;]<\/p>\n<p><strong>Institut R\u00e9gional d&rsquo;Administration<br \/>1, rue de la Bourgeonni\u00e8re<br \/>BP 82234<br \/>44322 NANTES Cedex 3<br \/>T\u00e9l\u00a0: 02 40 74 34 77<\/strong><\/p>\n<p>[\/et_pb_cta][et_pb_sidebar area=\u00a0\u00bbsidebar-1&Prime; _builder_version=\u00a0\u00bb4.16&Prime; global_colors_info=\u00a0\u00bb{}\u00a0\u00bb][\/et_pb_sidebar][et_pb_sidebar area=\u00a0\u00bbsidebar-1&Prime; _builder_version=\u00a0\u00bb4.16&Prime; global_colors_info=\u00a0\u00bb{}\u00a0\u00bb][\/et_pb_sidebar][et_pb_sidebar area=\u00a0\u00bbsidebar-1&Prime; _builder_version=\u00a0\u00bb4.16&Prime; global_colors_info=\u00a0\u00bb{}\u00a0\u00bb][\/et_pb_sidebar][et_pb_divider color=\u00a0\u00bb#E3E6EB\u00a0\u00bb divider_weight=\u00a0\u00bb2px\u00a0\u00bb _builder_version=\u00a0\u00bb4.16&Prime; global_colors_info=\u00a0\u00bb{}\u00a0\u00bb]<\/p>\n<p><strong>\u00a0<\/strong><\/p>\n<p>MAP GOOGLE<\/p>\n<p>&nbsp;<\/p>\n<p>&nbsp;<\/p>\n<h3><span style=\"color: #f0b800;\">En provenance de la gare<\/span><\/h3>\n<p>La ligne de tramway se trouve \u00e0 la sortie nord de la gare. <br \/> Prendre la ligne n\u00b01, direction Fran\u00e7ois-Mitterrand, descendre \u00e0 la station Commerce, puis prendre la ligne n\u00b02, direction Orvault-Grand-Val.<br \/> Descendre \u00e0 l\u2019arr\u00eat \u00ab\u00a0Recteur Schmitt\u00a0\u00bb. <br \/> Suivre la rue de la Bourgeonni\u00e8re, \u00e0 droite de la station. <br \/> L&rsquo;IRA est situ\u00e9 \u00e0 150 m environ de celle-ci.<br \/> En cas de terminus \u00e0 l&rsquo;arr\u00eat pr\u00e9c\u00e9dent \u00ab\u00a0Ecole centrale-Audencia\u00a0\u00bb, suivre la route de la Joneli\u00e8re, \u00e0 gauche. L&rsquo;IRA est situ\u00e9 \u00e0 200 m de cet arr\u00eat.<\/p>\n<p>[\/et_pb_divider][et_pb_image src=\u00a0\u00bbhttps:\/\/www.ira-nantes.gouv.fr\/wp-content\/uploads\/2019\/05\/Institut-se-rendre-\u00e0-lInstitut-TAN.png\u00a0\u00bb url=\u00a0\u00bbhttps:\/\/www.tan.fr\/\u00a0\u00bb align=\u00a0\u00bbcenter\u00a0\u00bb align_tablet=\u00a0\u00bbcenter\u00a0\u00bb align_phone=\u00a0\u00bbcenter\u00a0\u00bb align_last_edited=\u00a0\u00bbon|desktop\u00a0\u00bb _builder_version=\u00a0\u00bb4.16&Prime; global_colors_info=\u00a0\u00bb{}\u00a0\u00bb][\/et_pb_image][et_pb_gallery gallery_ids=\u00a0\u00bb2832&Prime; fullwidth=\u00a0\u00bbon\u00a0\u00bb disabled_on=\u00a0\u00bbon|off|off\u00a0\u00bb _builder_version=\u00a0\u00bb4.16&Prime; global_colors_info=\u00a0\u00bb{}\u00a0\u00bb][\/et_pb_gallery][\/et_pb_column][et_pb_column type=\u00a0\u00bb1_2&Prime; _builder_version=\u00a0\u00bb4.16&Prime; custom_padding=\u00a0\u00bb|||\u00a0\u00bb global_colors_info=\u00a0\u00bb{}\u00a0\u00bb custom_padding__hover=\u00a0\u00bb|||\u00a0\u00bb][et_pb_text _builder_version=\u00a0\u00bb4.16&Prime; text_font=\u00a0\u00bb|800|||||||\u00a0\u00bb text_text_color=\u00a0\u00bb#009dcf\u00a0\u00bb text_font_size=\u00a0\u00bb1.57em\u00a0\u00bb global_colors_info=\u00a0\u00bb{}\u00a0\u00bb]<\/p>\n<p>Acc\u00e8s au b\u00e2timent s\u00e9curis\u00e9<\/p>\n<p>[\/et_pb_text][et_pb_text _builder_version=\u00a0\u00bb4.16&Prime; text_font=\u00a0\u00bb||||||||\u00a0\u00bb text_font_size=\u00a0\u00bb1em\u00a0\u00bb text_line_height=\u00a0\u00bb2.1em\u00a0\u00bb link_font=\u00a0\u00bb||||||||\u00a0\u00bb global_colors_info=\u00a0\u00bb{}\u00a0\u00bb]<\/p>\n<p>Pour des raisons de s\u00e9curit\u00e9, l&rsquo;acc\u00e8s au b\u00e2timent se fait par badge uniquement.<\/p>\n<p>Les <strong>nouveaux visiteurs <\/strong>doivent se pr\u00e9senter par l&rsquo;entr\u00e9e situ\u00e9e <strong>route de la Joneli\u00e8re<\/strong>, sonner au portier vid\u00e9o puis se pr\u00e9senter \u00e0 l&rsquo;accueil. Un badge visiteur leur sera remis \u00e0 l\u2019accueil.<\/p>\n<p>Les <strong>stagiaires de la formation continue interminist\u00e9rielle <\/strong>doivent se pr\u00e9senter par la <strong>rue Recteur Schmitt<\/strong> et se pr\u00e9senter \u00e0 l&rsquo;accueil Un badge stagiaire leur sera remis.<\/p>\n<p>[\/et_pb_text][et_pb_text _builder_version=\u00a0\u00bb4.16&Prime; text_font=\u00a0\u00bb|800|||||||\u00a0\u00bb text_text_color=\u00a0\u00bb#009dcf\u00a0\u00bb text_font_size=\u00a0\u00bb1.57em\u00a0\u00bb global_colors_info=\u00a0\u00bb{}\u00a0\u00bb]<\/p>\n<p>En provenance de la gare<\/p>\n<p>[\/et_pb_text][et_pb_sidebar area=\u00a0\u00bbsidebar-1&Prime; _builder_version=\u00a0\u00bb4.16&Prime; global_colors_info=\u00a0\u00bb{}\u00a0\u00bb][\/et_pb_sidebar][et_pb_text _builder_version=\u00a0\u00bb4.16&Prime; text_font=\u00a0\u00bb||||||||\u00a0\u00bb text_font_size=\u00a0\u00bb1em\u00a0\u00bb text_line_height=\u00a0\u00bb2.1em\u00a0\u00bb link_font=\u00a0\u00bb||||||||\u00a0\u00bb global_colors_info=\u00a0\u00bb{}\u00a0\u00bb]<\/p>\n<p><span><span style=\"color: #009dcf;\">\u2713<\/span>\u00a0<\/span>La ligne de tramway se trouve \u00e0 la sortie nord de la gare.<br \/><span><span style=\"color: #009dcf;\">\u2713<\/span>\u00a0<\/span>Prendre la ligne n\u00b01, direction Fran\u00e7ois-Mitterrand, descendre \u00e0 la station Commerce, puis prendre la ligne n\u00b02, direction Orvault-Grand-Val.<br \/><span><span style=\"color: #009dcf;\">\u2713<\/span>\u00a0<\/span>Descendre \u00e0 l\u2019arr\u00eat \u00ab\u00a0Recteur Schmitt\u00a0\u00bb.<br \/><span><span style=\"color: #009dcf;\">\u2713<\/span>\u00a0<\/span>Suivre la rue de la Bourgeonni\u00e8re, \u00e0 droite de la station.<br \/><span><span style=\"color: #009dcf;\">\u2713<\/span>\u00a0<\/span>L&rsquo;IRA est situ\u00e9 \u00e0 150 m environ de celle-ci.<br \/><span><span style=\"color: #009dcf;\">\u2713<\/span>\u00a0<\/span>En cas de terminus \u00e0 l&rsquo;arr\u00eat pr\u00e9c\u00e9dent \u00ab\u00a0Ecole centrale-Audencia\u00a0\u00bb, suivre la route de la Joneli\u00e8re, \u00e0 gauche. L&rsquo;IRA est situ\u00e9 \u00e0 200 m de cet arr\u00eat.<\/p>\n<p>[\/et_pb_text][et_pb_text _builder_version=\u00a0\u00bb4.16&Prime; text_font=\u00a0\u00bb|800|||||||\u00a0\u00bb text_text_color=\u00a0\u00bb#009dcf\u00a0\u00bb text_font_size=\u00a0\u00bb1.57em\u00a0\u00bb global_colors_info=\u00a0\u00bb{}\u00a0\u00bb]<\/p>\n<p>Par la route<\/p>\n<p>[\/et_pb_text][et_pb_text _builder_version=\u00a0\u00bb4.16&Prime; text_font=\u00a0\u00bb||||||||\u00a0\u00bb text_font_size=\u00a0\u00bb1em\u00a0\u00bb text_line_height=\u00a0\u00bb2.1em\u00a0\u00bb link_font=\u00a0\u00bb||||||||\u00a0\u00bb global_colors_info=\u00a0\u00bb{}\u00a0\u00bb]<\/p>\n<p style=\"box-sizing: border-box; margin: 0px; padding: 0px 0px 1em; border: 0px; outline: 0px; background: 0px 0px #ffffff; font-size: 14px; vertical-align: baseline; text-size-adjust: 100%; color: #666666; font-family: 'Nunito Sans', Helvetica, Arial, Lucida, sans-serif; font-style: normal; font-variant-ligatures: normal; font-variant-caps: normal; font-weight: 500; letter-spacing: normal; orphans: 2; text-align: left; text-indent: 0px; text-transform: none; white-space: normal; widows: 2; word-spacing: 0px; -webkit-text-stroke-width: 0px; text-decoration-style: initial; text-decoration-color: initial;\"><strong style=\"box-sizing: border-box; margin: 0px; padding: 0px; border: 0px; outline: 0px; background: 0px 0px; font-size: 14px; vertical-align: baseline; text-size-adjust: 100%; font-weight: bold;\">En provenance de PARIS-ANGERS par l\u2019autoroute<\/strong><br style=\"box-sizing: border-box;\" \/>Prendre la sortie Poitiers\/Bordeaux\/p\u00e9riph\u00e9rique Est<br style=\"box-sizing: border-box;\" \/>Prendre la bretelle Nantes Nord\/Nantes Centre\/Porte de la Chapelle (1)<\/p>\n<p style=\"box-sizing: border-box; margin: 0px; padding: 0px 0px 1em; border: 0px; outline: 0px; background: 0px 0px #ffffff; font-size: 14px; vertical-align: baseline; text-size-adjust: 100%; color: #666666; font-family: 'Nunito Sans', Helvetica, Arial, Lucida, sans-serif; font-style: normal; font-variant-ligatures: normal; font-variant-caps: normal; font-weight: 500; letter-spacing: normal; orphans: 2; text-align: left; text-indent: 0px; text-transform: none; white-space: normal; widows: 2; word-spacing: 0px; -webkit-text-stroke-width: 0px; text-decoration-style: initial; text-decoration-color: initial;\"><strong style=\"box-sizing: border-box; margin: 0px; padding: 0px; border: 0px; outline: 0px; background: 0px 0px; font-size: 14px; vertical-align: baseline; text-size-adjust: 100%; font-weight: bold;\">En provenance de CHOLET-POITIERS<\/strong><br style=\"box-sizing: border-box;\" \/>Sur le p\u00e9riph\u00e9rique, prendre la direction Vannes-Rennes<br style=\"box-sizing: border-box;\" \/>Prendre la sortie Universit\u00e9s\/La Chapelle-sur-Erdre\/Porte de la Chapelle (1)<\/p>\n<p style=\"box-sizing: border-box; margin: 0px; padding: 0px 0px 1em; border: 0px; outline: 0px; background: 0px 0px #ffffff; font-size: 14px; vertical-align: baseline; text-size-adjust: 100%; color: #666666; font-family: 'Nunito Sans', Helvetica, Arial, Lucida, sans-serif; font-style: normal; font-variant-ligatures: normal; font-variant-caps: normal; font-weight: 500; letter-spacing: normal; orphans: 2; text-align: left; text-indent: 0px; text-transform: none; white-space: normal; widows: 2; word-spacing: 0px; -webkit-text-stroke-width: 0px; text-decoration-style: initial; text-decoration-color: initial;\"><strong style=\"box-sizing: border-box; margin: 0px; padding: 0px; border: 0px; outline: 0px; background: 0px 0px; font-size: 14px; vertical-align: baseline; text-size-adjust: 100%; font-weight: bold;\">En provenance de RENNES<\/strong><br style=\"box-sizing: border-box;\" \/>Prendre la sortie Paris\/Poitiers\/p\u00e9riph\u00e9rique Est<br style=\"box-sizing: border-box;\" \/>Prendre ensuite la direction Poitiers\/Angers par RN<br style=\"box-sizing: border-box;\" \/>Suivre la direction Nantes Nord\/Nantes centre\/Porte de la Chapelle (1)<\/p>\n<p style=\"box-sizing: border-box; margin: 0px; padding: 0px 0px 1em; border: 0px; outline: 0px; background: 0px 0px #ffffff; font-size: 14px; vertical-align: baseline; text-size-adjust: 100%; color: #666666; font-family: 'Nunito Sans', Helvetica, Arial, Lucida, sans-serif; font-style: normal; font-variant-ligatures: normal; font-variant-caps: normal; font-weight: 500; letter-spacing: normal; orphans: 2; text-align: left; text-indent: 0px; text-transform: none; white-space: normal; widows: 2; word-spacing: 0px; -webkit-text-stroke-width: 0px; text-decoration-style: initial; text-decoration-color: initial;\"><strong style=\"box-sizing: border-box; margin: 0px; padding: 0px; border: 0px; outline: 0px; background: 0px 0px; font-size: 14px; vertical-align: baseline; text-size-adjust: 100%; font-weight: bold;\">En provenance de VANNES<\/strong><br style=\"box-sizing: border-box;\" \/>Prendre la direction Poitiers\/Angers par RN<br style=\"box-sizing: border-box;\" \/>Suivre la direction Nantes Nord\/Nantes centre\/Porte de la Chapelle (1)<\/p>\n<p style=\"box-sizing: border-box; margin: 0px; padding: 0px; border: 0px; outline: 0px; background: 0px 0px #ffffff; font-size: 14px; vertical-align: baseline; text-size-adjust: 100%; color: #666666; font-family: 'Nunito Sans', Helvetica, Arial, Lucida, sans-serif; font-style: normal; font-variant-ligatures: normal; font-variant-caps: normal; font-weight: 500; letter-spacing: normal; orphans: 2; text-align: left; text-indent: 0px; text-transform: none; white-space: normal; widows: 2; word-spacing: 0px; -webkit-text-stroke-width: 0px; text-decoration-style: initial; text-decoration-color: initial;\">(1) Au rond-point Porte de la Chapelle (1er rond-point) suivre la direction Nantes Centre-Universit\u00e9s.<br style=\"box-sizing: border-box;\" \/>Au rond-point suivant (travers\u00e9 par le tramway) prendre la direction \u00ab\u00a0La Joneli\u00e8re \u2013 C.E.T.I.M.-I.R.A.\u00a0\u00bb Continuer tout droit au rond-point suivant. L\u2019IRA se trouve situ\u00e9 apr\u00e8s ce dernier rond-point, sur la droite.<\/p>\n<p>[\/et_pb_text][et_pb_text _builder_version=\u00a0\u00bb4.16&Prime; text_font=\u00a0\u00bb|800|||||||\u00a0\u00bb text_text_color=\u00a0\u00bb#009dcf\u00a0\u00bb text_font_size=\u00a0\u00bb1.57em\u00a0\u00bb global_colors_info=\u00a0\u00bb{}\u00a0\u00bb]<\/p>\n<p>Par la route<\/p>\n<p>[\/et_pb_text][et_pb_text _builder_version=\u00a0\u00bb4.16&Prime; text_font=\u00a0\u00bb||||||||\u00a0\u00bb text_font_size=\u00a0\u00bb1em\u00a0\u00bb global_colors_info=\u00a0\u00bb{}\u00a0\u00bb]<\/p>\n<p><strong>En provenance de PARIS-ANGERS par l\u2019autoroute<\/strong><br \/> Prendre la sortie Poitiers\/Bordeaux\/p\u00e9riph\u00e9rique Est<br \/> Prendre la bretelle Nantes Nord\/Nantes Centre\/Porte de la Chapelle (1)<\/p>\n<p><strong>En provenance de CHOLET-POITIERS<\/strong><br \/> Sur le p\u00e9riph\u00e9rique, prendre la direction Vannes-Rennes<br \/> Prendre la sortie Universit\u00e9s\/La Chapelle-sur-Erdre\/Porte de la Chapelle (1)<\/p>\n<p><strong>En provenance de RENNES<\/strong><br \/> Prendre la sortie Paris\/Poitiers\/p\u00e9riph\u00e9rique Est<br \/> Prendre ensuite la direction Poitiers\/Angers par RN<br \/> Suivre la direction Nantes Nord\/Nantes centre\/Porte de la Chapelle (1)<\/p>\n<p><strong>En provenance de VANNES<\/strong><br \/> Prendre la direction Poitiers\/Angers par RN<br \/> Suivre la direction Nantes Nord\/Nantes centre\/Porte de la Chapelle (1)<\/p>\n<p>(1) Au rond-point Porte de la Chapelle (1er rond-point) suivre la direction Nantes Centre-Universit\u00e9s.<br \/> Au rond-point suivant (travers\u00e9 par le tramway) prendre la direction \u00ab\u00a0La Joneli\u00e8re &#8211; C.E.T.I.M.-I.R.A.\u00a0\u00bb Continuer tout droit au rond-point suivant. L&rsquo;IRA se trouve situ\u00e9 apr\u00e8s ce dernier rond-point, sur la droite.<\/p>\n<p>[\/et_pb_text][\/et_pb_column][et_pb_column type=\u00a0\u00bb1_4&Prime; _builder_version=\u00a0\u00bb4.16&Prime; custom_padding=\u00a0\u00bb|||\u00a0\u00bb global_colors_info=\u00a0\u00bb{}\u00a0\u00bb custom_padding__hover=\u00a0\u00bb|||\u00a0\u00bb][et_pb_cta title=\u00a0\u00bbHoraires d&rsquo;ouverture au public \u00a0\u00bb button_text=\u00a0\u00bbClick Here\u00a0\u00bb _builder_version=\u00a0\u00bb4.27.4&Prime; header_font=\u00a0\u00bb|800|||||||\u00a0\u00bb body_font=\u00a0\u00bb|700|||||||\u00a0\u00bb body_text_align=\u00a0\u00bbcenter\u00a0\u00bb body_font_size=\u00a0\u00bb18px\u00a0\u00bb background_color=\u00a0\u00bb#ff5b00&Prime; text_orientation=\u00a0\u00bbleft\u00a0\u00bb hover_enabled=\u00a0\u00bb0&Prime; global_colors_info=\u00a0\u00bb{}\u00a0\u00bb sticky_enabled=\u00a0\u00bb0&Prime;]<\/p>\n<p>Du lundi au jeudi de 8h30 \u00e0 12h30 et de 13h30 \u00e0 17h00<\/p>\n<p>Le vendredi de 8h30 \u00e0 12h30 et de 13h30 \u00e0 16h00.<\/p>\n<p>[\/et_pb_cta][et_pb_divider color=\u00a0\u00bb#E3E6EB\u00a0\u00bb divider_weight=\u00a0\u00bb2px\u00a0\u00bb _builder_version=\u00a0\u00bb4.16&Prime; global_colors_info=\u00a0\u00bb{}\u00a0\u00bb]<\/p>\n<p><strong>\u00a0<\/strong><\/p>\n<p>MAP GOOGLE<\/p>\n<p>&nbsp;<\/p>\n<p>&nbsp;<\/p>\n<h3><span style=\"color: #f0b800;\">En provenance de la gare<\/span><\/h3>\n<p>La ligne de tramway se trouve \u00e0 la sortie nord de la gare. <br \/> Prendre la ligne n\u00b01, direction Fran\u00e7ois-Mitterrand, descendre \u00e0 la station Commerce, puis prendre la ligne n\u00b02, direction Orvault-Grand-Val.<br \/> Descendre \u00e0 l\u2019arr\u00eat \u00ab\u00a0Recteur Schmitt\u00a0\u00bb. <br \/> Suivre la rue de la Bourgeonni\u00e8re, \u00e0 droite de la station. <br \/> L&rsquo;IRA est situ\u00e9 \u00e0 150 m environ de celle-ci.<br \/> En cas de terminus \u00e0 l&rsquo;arr\u00eat pr\u00e9c\u00e9dent \u00ab\u00a0Ecole centrale-Audencia\u00a0\u00bb, suivre la route de la Joneli\u00e8re, \u00e0 gauche. L&rsquo;IRA est situ\u00e9 \u00e0 200 m de cet arr\u00eat.<\/p>\n<p>[\/et_pb_divider][et_pb_code _builder_version=\u00a0\u00bb4.27.4&Prime; global_colors_info=\u00a0\u00bb{}\u00a0\u00bb]<iframe loading=\"lazy\" width=\"600\" height=\"400\" frameborder=\"0\" scrolling=\"no\" marginheight=\"0\" marginwidth=\"0\" sandbox=\"allow-forms allow-scripts allow-same-origin\" src=\"https:\/\/www.geoportail.gouv.fr\/embed\/visu.html?c=-1.5507438005327934,47.251406995786&#038;z=18&#038;l0=ORTHOIMAGERY.ORTHOPHOTOS::GEOPORTAIL:OGC:WMTS(1)&#038;permalink=yes\" allowfullscreen><\/iframe><!-- [et_pb_line_break_holder] --><\/br><!-- [et_pb_line_break_holder] --><\/br><!-- [et_pb_line_break_holder] --><\/br>[\/et_pb_code][\/et_pb_column][\/et_pb_row][\/et_pb_section]<\/p>\n","protected":false},"excerpt":{"rendered":"<p>Institut R\u00e9gional d&rsquo;Administration1, rue de la Bourgeonni\u00e8reBP 8223444322 NANTES Cedex 3T\u00e9l\u00a0: 02 40 74 34 77\u00a0 MAP GOOGLE &nbsp; &nbsp; En provenance de la gare La ligne de tramway se trouve \u00e0 la sortie nord de la gare. Prendre la ligne n\u00b01, direction Fran\u00e7ois-Mitterrand, descendre \u00e0 la station Commerce, puis prendre la ligne n\u00b02, direction [&hellip;]<\/p>\n","protected":false},"author":1,"featured_media":0,"parent":0,"menu_order":0,"comment_status":"closed","ping_status":"closed","template":"","meta":{"_et_pb_use_builder":"on","_et_pb_old_content":"","_et_gb_content_width":"","footnotes":""},"class_list":["post-146","page","type-page","status-publish","hentry"],"_links":{"self":[{"href":"https:\/\/www.ira-nantes.gouv.fr\/index.php\/wp-json\/wp\/v2\/pages\/146","targetHints":{"allow":["GET"]}}],"collection":[{"href":"https:\/\/www.ira-nantes.gouv.fr\/index.php\/wp-json\/wp\/v2\/pages"}],"about":[{"href":"https:\/\/www.ira-nantes.gouv.fr\/index.php\/wp-json\/wp\/v2\/types\/page"}],"author":[{"embeddable":true,"href":"https:\/\/www.ira-nantes.gouv.fr\/index.php\/wp-json\/wp\/v2\/users\/1"}],"replies":[{"embeddable":true,"href":"https:\/\/www.ira-nantes.gouv.fr\/index.php\/wp-json\/wp\/v2\/comments?post=146"}],"version-history":[{"count":3,"href":"https:\/\/www.ira-nantes.gouv.fr\/index.php\/wp-json\/wp\/v2\/pages\/146\/revisions"}],"predecessor-version":[{"id":11858,"href":"https:\/\/www.ira-nantes.gouv.fr\/index.php\/wp-json\/wp\/v2\/pages\/146\/revisions\/11858"}],"wp:attachment":[{"href":"https:\/\/www.ira-nantes.gouv.fr\/index.php\/wp-json\/wp\/v2\/media?parent=146"}],"curies":[{"name":"wp","href":"https:\/\/api.w.org\/{rel}","templated":true}]}}