{"id":11971,"date":"2025-12-17T14:57:29","date_gmt":"2025-12-17T13:57:29","guid":{"rendered":"https:\/\/www.ira-nantes.gouv.fr\/?page_id=11971"},"modified":"2026-01-28T16:34:38","modified_gmt":"2026-01-28T15:34:38","slug":"prepa-ecrite","status":"publish","type":"page","link":"https:\/\/www.ira-nantes.gouv.fr\/index.php\/prepa-ecrite\/","title":{"rendered":"PR\u00c9PA \u00c9CRITE"},"content":{"rendered":"<p>[et_pb_section fb_built=\u00a0\u00bb1&Prime; _builder_version=\u00a0\u00bb4.27.4&Prime; _module_preset=\u00a0\u00bbdefault\u00a0\u00bb global_colors_info=\u00a0\u00bb{}\u00a0\u00bb][et_pb_row _builder_version=\u00a0\u00bb4.27.4&Prime; _module_preset=\u00a0\u00bbdefault\u00a0\u00bb global_colors_info=\u00a0\u00bb{}\u00a0\u00bb][et_pb_column type=\u00a0\u00bb4_4&Prime; _builder_version=\u00a0\u00bb4.27.4&Prime; _module_preset=\u00a0\u00bbdefault\u00a0\u00bb global_colors_info=\u00a0\u00bb{}\u00a0\u00bb][et_pb_text _builder_version=\u00a0\u00bb4.27.4&Prime; _module_preset=\u00a0\u00bbdefault\u00a0\u00bb global_colors_info=\u00a0\u00bb{}\u00a0\u00bb]<\/p>\n<h3><span style=\"color: #3366ff;\"><strong>PR\u00c9PARATION \u00c0 L\u2019\u00c9PREUVE \u00c9CRITE DU CONCOURS IRA<\/strong><\/span><\/h3>\n<p>[\/et_pb_text][et_pb_text _builder_version=\u00a0\u00bb4.27.4&Prime; _module_preset=\u00a0\u00bbdefault\u00a0\u00bb hover_enabled=\u00a0\u00bb0&Prime; global_colors_info=\u00a0\u00bb{}\u00a0\u00bb sticky_enabled=\u00a0\u00bb0&Prime;]<\/p>\n<p><span style=\"font-size: 11.5pt; font-family: 'Segoe UI Emoji',sans-serif; color: #f0b800;\"><\/span><\/p>\n<p><span style=\"font-size: 11.5pt; font-family: 'Segoe UI Emoji',sans-serif; color: #f0b800;\">\u2714<\/span><span style=\"color: #f0b800;\">\u00a0<\/span><strong><span style=\"font-family: 'Calibri',sans-serif;\">Pour qui<\/span><\/strong>: Ces formations sont destin\u00e9es exclusivement aux candidats inscrits au concours de l\u2019IRA de Nantes<o:p><\/o:p><\/p>\n<p><span style=\"font-size: 11.5pt; font-family: 'Segoe UI Emoji',sans-serif; color: #f0b800;\">\u2714<\/span><span style=\"color: #f0b800;\">\u00a0<\/span><strong><span style=\"font-family: 'Calibri',sans-serif;\">Dur\u00e9e<\/span><\/strong>: 2 jours au choix parmi les dates indiqu\u00e9es ci-dessous<o:p><\/o:p><\/p>\n<p><span style=\"font-size: 11.5pt; font-family: 'Segoe UI Emoji',sans-serif; color: #f0b800;\">\u2714<\/span><span style=\"color: #f0b800;\">\u00a0<\/span><strong><span style=\"font-family: 'Calibri',sans-serif;\">Conditions\u00a0<\/span><\/strong>: formation gratuite \u2013 les candidats s\u2019engagent \u00e0 s\u2019inscrire au concours de l\u2019IRA de Nantes<o:p><\/o:p><\/p>\n<p>&nbsp;<\/p>\n<h4><strong><span style=\"color: #ff0000;\"> Les inscriptions \u00e0 cette pr\u00e9paration sont d\u00e9sormais cl\u00f4tur\u00e9es<\/span><\/strong><\/h4>\n<p>[\/et_pb_text][\/et_pb_column][\/et_pb_row][et_pb_row _builder_version=\u00a0\u00bb4.27.4&Prime; _module_preset=\u00a0\u00bbdefault\u00a0\u00bb global_colors_info=\u00a0\u00bb{}\u00a0\u00bb][et_pb_column type=\u00a0\u00bb4_4&Prime; _builder_version=\u00a0\u00bb4.27.4&Prime; _module_preset=\u00a0\u00bbdefault\u00a0\u00bb global_colors_info=\u00a0\u00bb{}\u00a0\u00bb][et_pb_image src=\u00a0\u00bbhttps:\/\/www.ira-nantes.gouv.fr\/wp-content\/uploads\/2025\/12\/RS-Template-3-Marge-blanche.png\u00a0\u00bb title_text=\u00a0\u00bbRS Template-3-Marge blanche\u00a0\u00bb _builder_version=\u00a0\u00bb4.27.4&Prime; _module_preset=\u00a0\u00bbdefault\u00a0\u00bb min_height=\u00a0\u00bb1359px\u00a0\u00bb custom_padding=\u00a0\u00bb||0px|||\u00a0\u00bb global_colors_info=\u00a0\u00bb{}\u00a0\u00bb][\/et_pb_image][et_pb_text _builder_version=\u00a0\u00bb4.27.4&Prime; _module_preset=\u00a0\u00bbdefault\u00a0\u00bb global_colors_info=\u00a0\u00bb{}\u00a0\u00bb]<\/p>\n<h3><span style=\"color: #ff6600;\"><strong><span style=\"font-family: 'Calibri', sans-serif;\"><span style=\"text-decoration: underline;\">Contact<\/span> <\/span><\/strong><\/span><o:p><\/o:p><\/h3>\n<p>Direction de la formation continue<o:p><\/o:p><\/p>\n<p>Antonella BRONCA\u00a0 <o:p><\/o:p><\/p>\n<p>t\u00e9l. : 02 51 86 05 33\u00a0 <o:p><\/o:p><\/p>\n<p>courriel\u00a0: <a href=\"mailto:prepa.concours@ira-nantes.gouv.fr\">prepa.concours@ira-nantes.gouv.fr<\/a><o:p><\/o:p><\/p>\n<p>&nbsp;<\/p>\n<p>&nbsp;<\/p>\n<p>[\/et_pb_text][\/et_pb_column][\/et_pb_row][\/et_pb_section]<\/p>\n","protected":false},"excerpt":{"rendered":"<p>PR\u00c9PARATION \u00c0 L\u2019\u00c9PREUVE \u00c9CRITE DU CONCOURS IRA \u2714\u00a0Pour qui: Ces formations sont destin\u00e9es exclusivement aux candidats inscrits au concours de l\u2019IRA de Nantes \u2714\u00a0Dur\u00e9e: 2 jours au choix parmi les dates indiqu\u00e9es ci-dessous \u2714\u00a0Conditions\u00a0: formation gratuite \u2013 les candidats s\u2019engagent \u00e0 s\u2019inscrire au concours de l\u2019IRA de Nantes &nbsp; Les inscriptions \u00e0 cette pr\u00e9paration sont [&hellip;]<\/p>\n","protected":false},"author":2,"featured_media":0,"parent":0,"menu_order":0,"comment_status":"closed","ping_status":"closed","template":"","meta":{"_et_pb_use_builder":"on","_et_pb_old_content":"","_et_gb_content_width":"","footnotes":""},"class_list":["post-11971","page","type-page","status-publish","hentry"],"_links":{"self":[{"href":"https:\/\/www.ira-nantes.gouv.fr\/index.php\/wp-json\/wp\/v2\/pages\/11971","targetHints":{"allow":["GET"]}}],"collection":[{"href":"https:\/\/www.ira-nantes.gouv.fr\/index.php\/wp-json\/wp\/v2\/pages"}],"about":[{"href":"https:\/\/www.ira-nantes.gouv.fr\/index.php\/wp-json\/wp\/v2\/types\/page"}],"author":[{"embeddable":true,"href":"https:\/\/www.ira-nantes.gouv.fr\/index.php\/wp-json\/wp\/v2\/users\/2"}],"replies":[{"embeddable":true,"href":"https:\/\/www.ira-nantes.gouv.fr\/index.php\/wp-json\/wp\/v2\/comments?post=11971"}],"version-history":[{"count":11,"href":"https:\/\/www.ira-nantes.gouv.fr\/index.php\/wp-json\/wp\/v2\/pages\/11971\/revisions"}],"predecessor-version":[{"id":12057,"href":"https:\/\/www.ira-nantes.gouv.fr\/index.php\/wp-json\/wp\/v2\/pages\/11971\/revisions\/12057"}],"wp:attachment":[{"href":"https:\/\/www.ira-nantes.gouv.fr\/index.php\/wp-json\/wp\/v2\/media?parent=11971"}],"curies":[{"name":"wp","href":"https:\/\/api.w.org\/{rel}","templated":true}]}}